
List the prime factors of -1*(-1)/(-2)*-44.
2, 11
Let q(n) = -3*n. Let d be q(4). What are the prime factors of -75*(0 + 4/d)?
5
Let z = -23 + 77. What are the prime factors of z?
2, 3
Suppose g = 9*g - 1472. List the prime factors of g.
2, 23
Suppose -7 = 4*m - 0*m + 3*a, m + 3*a + 13 = 0. Let c be m/(-6) + 129/9. What are the prime factors of c/(-21) + 50/3?
2
Suppose -3*i - 10 = 2*i. List the prime factors of (0 - i) + 1 + 29.
2
Suppose 5*d - 9 = 11, -r - 2*d = -17. What are the prime factors of r?
3
Let m = -5 - -230. List the prime factors of m.
3, 5
Let p(s) = -4*s + 23. Let f(c) = -c + 6. Let q(m) = 9*f(m) - 2*p(m). List the prime factors of q(0).
2
Let c be ((-2)/(-5))/((-2)/(-10)). Suppose -4*z = 3 - 19. Suppose 2*b - c = z. What are the prime factors of b?
3
Let m(i) = i**2 - 3*i - 7. Suppose 60 = -0*d + 5*d. Let v = d + -7. List the prime factors of m(v).
3
Let h be (5 - 4)*(-2 + 1). Let m be ((-1 - 2) + 1)*h. Suppose 0 = 4*u, -5*u - 22 = -2*y - m*u. List the prime factors of y.
11
Suppose -r + 0*r = 2. Let p be 3 + 21 + (-2)/r. Let j = -16 + p. What are the prime factors of j?
3
Let h = 7 + -3. Let i be -5*((h - 3) + -2). Suppose -i*a + 4*s = -50, 2*s - s = 5. List the prime factors of a.
2, 7
Suppose -3*j - 2*j + 10 = 0. Suppose -j = 2*w - 6. Suppose 12 = -0*c + w*c. What are the prime factors of c?
2, 3
Let n be -3 + (3/(-3) - -12). Suppose 0 = 2*j - 4*l + 12, -l - n = 3*j + 2*j. Let w(v) = -2*v**3 - 3*v**2 - 2*v + 1. List the prime factors of w(j).
3
What are the prime factors of -3 + (-265)/(-2)*12/15?
103
Suppose 0 = 3*p + p - 2*v - 22, -5*p = 3*v. What are the prime factors of p?
3
Suppose 6*n - 28 = 20. List the prime factors of n.
2
Let l(h) = h**2 + h + 7. Let j be l(5). Suppose 3*m + 5*u + j = 4*m, 2*m - u - 47 = 0. List the prime factors of m.
2, 11
List the prime factors of 8/(-9)*-101 + 2/9.
2, 3, 5
Let i(c) = -c + 6. Let v be i(6). Suppose v*a = a. Suppose -4*x = -2*t - 20, x = 5*t - a*t - 4. List the prime factors of x.
2, 3
Let f(k) = 3*k**2 - k - 1. Let l be f(-1). Suppose l = 5*p - 2. What are the prime factors of p*(-2)/(6/(-9))?
3
Let b(q) = q**2 - 3*q - 2. Let x be b(4). Suppose 0 = -x*p + 7*p - 25. List the prime factors of p.
5
Suppose 15 = -0*c + 3*c, o - 2*c = -3. Suppose y = -0*y - o. Let f(l) = -l**3 - 7*l**2 + 3. List the prime factors of f(y).
3
Suppose 3*p - 551 - 172 = -2*m, p - 4*m = 227. List the prime factors of p.
239
Let t(u) = 8*u**2 - 2*u - 2. List the prime factors of t(2).
2, 13
Suppose r + 5 = -1. Let y = r - -11. Suppose 5*k - b = -0*b + 20, -30 = -y*k + 3*b. What are the prime factors of k?
3
List the prime factors of (1 + -142)*24/(-36).
2, 47
List the prime factors of 16*(-1)/(-6)*3.
2
Suppose 14 + 11 = -5*p. Let u(x) = x**3 + 4*x**2 - 8*x - 5. Let q be u(p). Let v = 15 - q. List the prime factors of v.
5
Suppose 4*k + 23 = -2*l - l, 0 = k - 4*l + 1. Let s = k + 7. Suppose -s*u = -0 - 18. What are the prime factors of u?
3
Let a(y) = -y + 19. Let v be a(0). Suppose -5*k + 4*k + v = 4*d, 0 = -5*d + 20. Suppose k*m - 13 = -z - 0, -2*m = 4*z - 42. What are the prime factors of z?
2, 5
Let c = 16 + -16. Suppose -2*w - a + 102 = w, c = 4*w - a - 136. What are the prime factors of w?
2, 17
What are the prime factors of 45 - (-1)/(-3)*9?
2, 3, 7
Let m = 3 - 8. Let h(c) = -c**3 - 5*c**2 - c + 1. List the prime factors of h(m).
2, 3
Suppose 0 = -f + t - 3, -2*f + 2*t = -2*t + 16. Suppose -21 = b - f*s - 71, 3*b = -5*s + 95. Suppose -12 = 4*h - b. What are the prime factors of h?
7
Let t(j) = 64*j - 1. Let k be t(1). Suppose 0*n + k = 3*n. What are the prime factors of n?
3, 7
What are the prime factors of ((-2)/2 - -909)/2?
2, 227
Let v = -10 - -13. List the prime factors of v.
3
What are the prime factors of (188/((-4)/1))/(-1)?
47
Suppose k + 204 = 6*j - 2*j, 130 = 3*j + 5*k. What are the prime factors of j?
2, 5
Let o = 10 + -14. Let r = o - -7. List the prime factors of r.
3
Let a(z) = -z**2 - 4*z - 5. Let i be a(-5). Let m(p) = p**2 + 13*p + 9. Let r be m(i). Let f = -11 - r. List the prime factors of f.
2, 5
Let l = -21 - -29. Let r(m) = 4 + 4*m**2 - 3*m**2 - l*m - 2*m**2. What are the prime factors of r(-8)?
2
Let g(k) = 5*k. Let r be g(1). Let s(i) = -i**3 + 4*i**2 + 7*i - 5. Let t be s(r). Suppose -h + 7 = 2, t*h = -w + 37. What are the prime factors of w?
2, 3
Let r be -2 - (4*-1 + 0). Suppose -r*b - 2*b + 60 = 0. List the prime factors of b.
3, 5
Let h be 10/(-4)*4/(-5). Let m(i) = 5 - 7*i + 3*i**2 - i**2 - i**h. What are the prime factors of m(7)?
5
Let k be 1*(-2 - 10)/(-4). Suppose 2*n - 35 = -k*n. What are the prime factors of n?
7
Let a(s) = 2*s**2 + s + 1. List the prime factors of a(2).
11
Let l(x) = x**2 + 10*x + 10. Let r be l(-9). List the prime factors of -4 - -3 - (r + -19).
17
Let l(d) = 2*d**3 + 0 - 3*d**3 + 4 + 2*d**3 + 3*d**2 + 4*d. Let k be l(-3). Let f = k + 17. What are the prime factors of f?
3
Let z(r) = -11*r**2 - 41*r - 24. Let m(i) = -4*i**2 - 14*i - 8. Let b(w) = -8*m(w) + 3*z(w). What are the prime factors of b(-9)?
2, 5
Suppose 3*f + 11 - 2 = -3*d, -2*f = 3*d + 8. What are the prime factors of 2/(-2) - f - -13?
13
Let n = -220 - -355. Let g = -93 + n. List the prime factors of g.
2, 3, 7
Suppose 8*m - 429 = 3*m + 2*l, 4*m - 2*l - 344 = 0. What are the prime factors of m?
5, 17
Suppose m - 1 = 0, 2*u = 5*u - 4*m - 8. What are the prime factors of 4/(-6)*(-246)/u?
41
Let r(d) = 4*d**2 + d - 4. Let n(z) = -5*z**2 + 5. Let q(x) = 3*n(x) + 4*r(x). List the prime factors of q(3).
2, 5
Let i(s) = 5*s**2 + 6*s - 2. Let l(t) = t**2 + t - 1. Let y(p) = -i(p) + 6*l(p). List the prime factors of y(-4).
2, 3
Suppose 4*j = 65 - 13. Let h(b) = -b - 8. Let s be h(0). Let x = s + j. List the prime factors of x.
5
Let v(h) = h**3 - 7*h**2 + 4*h + 9. What are the prime factors of v(7)?
37
Let n = 72 - 31. Let s = -23 + n. List the prime factors of s.
2, 3
Suppose 16 = x - 3*f + 5, -3*f = 3. Suppose 33 = -5*c + x*c. List the prime factors of c.
11
Let u(r) = -9*r + r**3 + 12*r**2 - 8 - r**3 - r**3. What are the prime factors of u(11)?
2, 7
List the prime factors of 2/(-2 - -1)*45/(-2).
3, 5
Let w be 41 + 1/((-1)/3). Suppose 0 = -4*k + 26 + w. List the prime factors of k.
2
Let n(b) = 2*b**2 - b - 2. Suppose -r = -1 + 5. Let f = -2 - r. List the prime factors of n(f).
2
Let z(q) = q**2 + 11*q. Let m be z(-11). Suppose -2*g + 5*j + 36 = 0, m*g + g + 4*j + 8 = 0. List the prime factors of g.
2
Suppose 1055 = 7*x - 107. What are the prime factors of x?
2, 83
Let d be (18/(-3))/(3/(-2)). List the prime factors of 1/(d/(-18))*-6.
3
Suppose -5*l - 132 = -607. List the prime factors of l.
5, 19
Suppose 0*g + 72 = 3*g. List the prime factors of g.
2, 3
Let c(a) be the second derivative of 0 - 2*a + 17/2*a**2 + 1/6*a**3. List the prime factors of c(-12).
5
Suppose -4*d - 331 = -5*b, b - 43 = d - 6*d. What are the prime factors of b?
3, 7
Suppose -2*n = 2*v - 6*n - 60, -5*v + 95 = n. List the prime factors of v.
2, 5
Suppose 3*n + 61 = 247. List the prime factors of n.
2, 31
Let v(y) = 105*y - 7. What are the prime factors of v(1)?
2, 7
Let x(i) = i**3 - 16*i**2 - i + 38. What are the prime factors of x(16)?
2, 11
Let m(z) = -15*z + 5. Let h(l) = -15*l + 6. Let w(f) = -4*h(f) + 5*m(f). List the prime factors of w(-1).
2
Let v be 1/((-2)/(-104)*-2). List the prime factors of (-4)/(4/v - 0).
2, 13
Let d(p) = 213*p**2 - 2. List the prime factors of d(1).
211
Suppose -5*m + 20 + 0 = 0. Suppose 4*a = 2*i + 52, -5*i = a - m*a + 32. What are the prime factors of a?
2, 7
Suppose -s = 5*s - 222. List the prime factors of s.
37
List the prime factors of (8/(-2) - -5)*39.
3, 13
Let a(j) = 3*j - 1. Suppose l = -y - y + 3, 2 = l + y. What are the prime factors of a(l)?
2
Let h(f) = f**3 + 3*f**2 + 2*f + 1. Let o be h(-3). Let c = 10 + o. What are the prime factors of (-96)/(-10) - (-2)/c?
2, 5
Suppose -2*j + 30 = -0*j. Let b = j + -8. What are the prime factors of b?
7
Let u(w) = -w - 1. What are the prime factors of u(-8)?
7
Let z(s) = s**2 - 11*s + 5. Let b = -7 - -19. What are the prime factors of z(b)?
17
Let q(z) = -z**2 - 13*z + 10. Let j(g) = -g**2 - g. Let i be j(-4). List the prime factors of q(i).
2, 11
Let x(l) = l**2 - 8*l + 2. List the prime factors of x(14).
2, 43
Suppose 7*g = 174 